{"id":34,"date":"2025-04-22T13:54:46","date_gmt":"2025-04-22T11:54:46","guid":{"rendered":"https:\/\/latelierdekarina.fr\/?page_id=34"},"modified":"2025-05-13T11:23:08","modified_gmt":"2025-05-13T09:23:08","slug":"rdv-boutique-maison","status":"publish","type":"page","link":"https:\/\/latelierdekarina.fr\/index.php\/rdv-boutique-maison\/","title":{"rendered":"Rdv Boutique Maison"},"content":{"rendered":"\t\t<div data-elementor-type=\"wp-page\" data-elementor-id=\"34\" class=\"elementor elementor-34\">\n\t\t\t\t<div class=\"elementor-element elementor-element-9b5f54f e-flex e-con-boxed e-con e-parent\" data-id=\"9b5f54f\" data-element_type=\"container\" data-e-type=\"container\">\n\t\t\t\t\t<div class=\"e-con-inner\">\n\t\t\t\t<div class=\"elementor-element elementor-element-8fb58c4 elementor-widget elementor-widget-image\" data-id=\"8fb58c4\" data-element_type=\"widget\" data-e-type=\"widget\" data-widget_type=\"image.default\">\n\t\t\t\t<div class=\"elementor-widget-container\">\n\t\t\t\t\t\t\t\t\t\t\t\t\t\t\t<img fetchpriority=\"high\" decoding=\"async\" width=\"1024\" height=\"234\" src=\"https:\/\/latelierdekarina.fr\/wp-content\/uploads\/2025\/04\/IMG_1474-1024x234.jpg\" class=\"attachment-large size-large wp-image-106\" alt=\"\" srcset=\"https:\/\/latelierdekarina.fr\/wp-content\/uploads\/2025\/04\/IMG_1474-1024x234.jpg 1024w, https:\/\/latelierdekarina.fr\/wp-content\/uploads\/2025\/04\/IMG_1474-scaled-600x137.jpg 600w, https:\/\/latelierdekarina.fr\/wp-content\/uploads\/2025\/04\/IMG_1474-300x69.jpg 300w, https:\/\/latelierdekarina.fr\/wp-content\/uploads\/2025\/04\/IMG_1474-768x175.jpg 768w, https:\/\/latelierdekarina.fr\/wp-content\/uploads\/2025\/04\/IMG_1474-1536x351.jpg 1536w, https:\/\/latelierdekarina.fr\/wp-content\/uploads\/2025\/04\/IMG_1474-2048x468.jpg 2048w\" sizes=\"(max-width: 1024px) 100vw, 1024px\" \/>\t\t\t\t\t\t\t\t\t\t\t\t\t\t\t<\/div>\n\t\t\t\t<\/div>\n\t\t\t\t\t<\/div>\n\t\t\t\t<\/div>\n\t\t<div class=\"elementor-element elementor-element-2ef073b e-flex e-con-boxed e-con e-parent\" data-id=\"2ef073b\" data-element_type=\"container\" data-e-type=\"container\">\n\t\t\t\t\t<div class=\"e-con-inner\">\n\t\t\t\t<div class=\"elementor-element elementor-element-83437e5 elementor-widget elementor-widget-text-editor\" data-id=\"83437e5\" data-element_type=\"widget\" data-e-type=\"widget\" data-widget_type=\"text-editor.default\">\n\t\t\t\t<div class=\"elementor-widget-container\">\n\t\t\t\t\t\t\t\t\t<p><strong>Bienvenue \u00e0 l\u2019Atelier de Karina, nich\u00e9 au c\u0153ur des Hautes-Pyr\u00e9n\u00e9es.<br \/>Ici, entre montagnes sauvages et inspirations nordiques, chaque cr\u00e9ation prend vie sous mes mains, au rythme lent et apaisant du feutrage artisanal.<\/strong><\/p><p><strong>Ma boutique \u00e0 la maison est une invitation \u00e0 pousser la porte d\u2019un univers doux et authentique.<br \/>Entour\u00e9e de laine naturelle, de mati\u00e8res brutes et de po\u00e9sie, je vous accueille dans ce lieu vivant o\u00f9 chaque objet raconte une histoire.<\/strong><\/p><p><strong>Que vous cherchiez un tr\u00e9sor de d\u00e9coration, un cadeau unique ou simplement un instant de calme et de partage, vous \u00eates les bienvenus dans mon atelier-boutique, entre Pyr\u00e9n\u00e9es et esprit hygge Scandinaves.<br \/>\u00c0 tr\u00e8s bient\u00f4t pour un moment feutr\u00e9, simple et chaleureux.<\/strong><\/p>\t\t\t\t\t\t\t\t<\/div>\n\t\t\t\t<\/div>\n\t\t\t\t\t<\/div>\n\t\t\t\t<\/div>\n\t\t<div class=\"elementor-element elementor-element-3262529 e-grid e-con-boxed e-con e-parent\" data-id=\"3262529\" data-element_type=\"container\" data-e-type=\"container\">\n\t\t\t\t\t<div class=\"e-con-inner\">\n\t\t\t\t<div class=\"elementor-element elementor-element-9b15186 elementor-widget elementor-widget-text-editor\" data-id=\"9b15186\" data-element_type=\"widget\" data-e-type=\"widget\" data-widget_type=\"text-editor.default\">\n\t\t\t\t<div class=\"elementor-widget-container\">\n\t\t\t\t\t\t\t\t\t<p>Ouverture sur demandeTel: 06 80 01 52 63<\/p>\t\t\t\t\t\t\t\t<\/div>\n\t\t\t\t<\/div>\n\t\t\t\t\t<\/div>\n\t\t\t\t<\/div>\n\t\t\t\t<\/div>\n\t\t","protected":false},"excerpt":{"rendered":"<p>Bienvenue \u00e0 l\u2019Atelier de Karina, nich\u00e9 au c\u0153ur des Hautes-Pyr\u00e9n\u00e9es.Ici, entre montagnes sauvages et inspirations nordiques, chaque cr\u00e9ation prend vie sous mes mains, au rythme lent et apaisant du feutrage artisanal. Ma boutique \u00e0 la maison est une invitation \u00e0 pousser la porte d\u2019un univers doux et authentique.Entour\u00e9e de laine naturelle, de mati\u00e8res brutes et [&hellip;]<\/p>\n<div class='heateor_sss_sharing_container heateor_sss_vertical_sharing heateor_sss_bottom_sharing' style='width:44px;right: -10px;top: 100px;-webkit-box-shadow:none;box-shadow:none;' data-heateor-sss-href='https:\/\/latelierdekarina.fr\/index.php\/wp-json\/wp\/v2\/pages\/34'><div class=\"heateor_sss_sharing_ul\"><a aria-label=\"Instagram\" class=\"heateor_sss_button_instagram\" href=\"https:\/\/www.instagram.com\/latelier_de_karina\" title=\"Instagram\" rel=\"nofollow noopener\" target=\"_blank\" style=\"font-size:32px!important;box-shadow:none;display:inline-block;vertical-align:middle\"><span class=\"heateor_sss_svg\" style=\"background-color:#53beee;width:40px;height:40px;border-radius:999px;display:inline-block;opacity:1;float:left;font-size:32px;box-shadow:none;display:inline-block;font-size:16px;padding:0 4px;vertical-align:middle;background-repeat:repeat;overflow:hidden;padding:0;cursor:pointer;box-sizing:content-box\"><svg style=\"display:block;border-radius:999px;\" version=\"1.1\" viewBox=\"-10 -10 148 148\" width=\"100%\" height=\"100%\" xml:space=\"preserve\" xmlns=\"http:\/\/www.w3.org\/2000\/svg\" xmlns:xlink=\"http:\/\/www.w3.org\/1999\/xlink\"><g><g><path d=\"M86,112H42c-14.336,0-26-11.663-26-26V42c0-14.337,11.664-26,26-26h44c14.337,0,26,11.663,26,26v44 C112,100.337,100.337,112,86,112z M42,24c-9.925,0-18,8.074-18,18v44c0,9.925,8.075,18,18,18h44c9.926,0,18-8.075,18-18V42 c0-9.926-8.074-18-18-18H42z\" fill=\"#fff\"><\/path><\/g><g><path d=\"M64,88c-13.234,0-24-10.767-24-24c0-13.234,10.766-24,24-24s24,10.766,24,24C88,77.233,77.234,88,64,88z M64,48c-8.822,0-16,7.178-16,16s7.178,16,16,16c8.822,0,16-7.178,16-16S72.822,48,64,48z\" fill=\"#fff\"><\/path><\/g><g><circle cx=\"89.5\" cy=\"38.5\" fill=\"#fff\" r=\"5.5\"><\/circle><\/g><\/g><\/svg><\/span><\/a><\/div><div class=\"heateorSssClear\"><\/div><\/div>","protected":false},"author":1,"featured_media":0,"parent":0,"menu_order":0,"comment_status":"closed","ping_status":"closed","template":"elementor_header_footer","meta":{"footnotes":""},"class_list":["post-34","page","type-page","status-publish","hentry","entry","owp-thumbs-layout-horizontal","owp-btn-normal","owp-tabs-layout-horizontal","has-no-thumbnails","has-product-nav"],"yoast_head":"<!-- This site is optimized with the Yoast SEO plugin v27.2 - https:\/\/yoast.com\/product\/yoast-seo-wordpress\/ -->\n<title>Rdv Boutique Maison - L&#039;atelier de karina<\/title>\n<meta name=\"robots\" content=\"index, follow, max-snippet:-1, max-image-preview:large, max-video-preview:-1\" \/>\n<link rel=\"canonical\" href=\"https:\/\/latelierdekarina.fr\/index.php\/rdv-boutique-maison\/\" \/>\n<meta property=\"og:locale\" content=\"en_US\" \/>\n<meta property=\"og:type\" content=\"article\" \/>\n<meta property=\"og:title\" content=\"Rdv Boutique Maison - L&#039;atelier de karina\" \/>\n<meta property=\"og:description\" content=\"Bienvenue \u00e0 l\u2019Atelier de Karina, nich\u00e9 au c\u0153ur des Hautes-Pyr\u00e9n\u00e9es.Ici, entre montagnes sauvages et inspirations nordiques, chaque cr\u00e9ation prend vie sous mes mains, au rythme lent et apaisant du feutrage artisanal. Ma boutique \u00e0 la maison est une invitation \u00e0 pousser la porte d\u2019un univers doux et authentique.Entour\u00e9e de laine naturelle, de mati\u00e8res brutes et [&hellip;]\" \/>\n<meta property=\"og:url\" content=\"https:\/\/latelierdekarina.fr\/index.php\/rdv-boutique-maison\/\" \/>\n<meta property=\"og:site_name\" content=\"L&#039;atelier de karina\" \/>\n<meta property=\"article:modified_time\" content=\"2025-05-13T09:23:08+00:00\" \/>\n<meta property=\"og:image\" content=\"http:\/\/latelierdekarina.fr\/wp-content\/uploads\/2025\/04\/IMG_1474-1024x234.jpg\" \/>\n<meta name=\"twitter:card\" content=\"summary_large_image\" \/>\n<meta name=\"twitter:label1\" content=\"Est. reading time\" \/>\n\t<meta name=\"twitter:data1\" content=\"1 minute\" \/>\n<script type=\"application\/ld+json\" class=\"yoast-schema-graph\">{\"@context\":\"https:\/\/schema.org\",\"@graph\":[{\"@type\":\"WebPage\",\"@id\":\"https:\/\/latelierdekarina.fr\/index.php\/rdv-boutique-maison\/\",\"url\":\"https:\/\/latelierdekarina.fr\/index.php\/rdv-boutique-maison\/\",\"name\":\"Rdv Boutique Maison - L&#039;atelier de karina\",\"isPartOf\":{\"@id\":\"https:\/\/latelierdekarina.fr\/#website\"},\"primaryImageOfPage\":{\"@id\":\"https:\/\/latelierdekarina.fr\/index.php\/rdv-boutique-maison\/#primaryimage\"},\"image\":{\"@id\":\"https:\/\/latelierdekarina.fr\/index.php\/rdv-boutique-maison\/#primaryimage\"},\"thumbnailUrl\":\"http:\/\/latelierdekarina.fr\/wp-content\/uploads\/2025\/04\/IMG_1474-1024x234.jpg\",\"datePublished\":\"2025-04-22T11:54:46+00:00\",\"dateModified\":\"2025-05-13T09:23:08+00:00\",\"breadcrumb\":{\"@id\":\"https:\/\/latelierdekarina.fr\/index.php\/rdv-boutique-maison\/#breadcrumb\"},\"inLanguage\":\"en-US\",\"potentialAction\":[{\"@type\":\"ReadAction\",\"target\":[\"https:\/\/latelierdekarina.fr\/index.php\/rdv-boutique-maison\/\"]}]},{\"@type\":\"ImageObject\",\"inLanguage\":\"en-US\",\"@id\":\"https:\/\/latelierdekarina.fr\/index.php\/rdv-boutique-maison\/#primaryimage\",\"url\":\"https:\/\/latelierdekarina.fr\/wp-content\/uploads\/2025\/04\/IMG_1474-scaled.jpg\",\"contentUrl\":\"https:\/\/latelierdekarina.fr\/wp-content\/uploads\/2025\/04\/IMG_1474-scaled.jpg\",\"width\":2560,\"height\":585},{\"@type\":\"BreadcrumbList\",\"@id\":\"https:\/\/latelierdekarina.fr\/index.php\/rdv-boutique-maison\/#breadcrumb\",\"itemListElement\":[{\"@type\":\"ListItem\",\"position\":1,\"name\":\"Accueil\",\"item\":\"https:\/\/latelierdekarina.fr\/\"},{\"@type\":\"ListItem\",\"position\":2,\"name\":\"Rdv Boutique Maison\"}]},{\"@type\":\"WebSite\",\"@id\":\"https:\/\/latelierdekarina.fr\/#website\",\"url\":\"https:\/\/latelierdekarina.fr\/\",\"name\":\"L&#039;atelier de karina\",\"description\":\"Un site utilisant WordPress\",\"publisher\":{\"@id\":\"https:\/\/latelierdekarina.fr\/#organization\"},\"potentialAction\":[{\"@type\":\"SearchAction\",\"target\":{\"@type\":\"EntryPoint\",\"urlTemplate\":\"https:\/\/latelierdekarina.fr\/?s={search_term_string}\"},\"query-input\":{\"@type\":\"PropertyValueSpecification\",\"valueRequired\":true,\"valueName\":\"search_term_string\"}}],\"inLanguage\":\"en-US\"},{\"@type\":\"Organization\",\"@id\":\"https:\/\/latelierdekarina.fr\/#organization\",\"name\":\"L&#039;atelier de karina\",\"url\":\"https:\/\/latelierdekarina.fr\/\",\"logo\":{\"@type\":\"ImageObject\",\"inLanguage\":\"en-US\",\"@id\":\"https:\/\/latelierdekarina.fr\/#\/schema\/logo\/image\/\",\"url\":\"https:\/\/latelierdekarina.fr\/wp-content\/uploads\/2025\/04\/cropped-Logo-site-Internet.jpg\",\"contentUrl\":\"https:\/\/latelierdekarina.fr\/wp-content\/uploads\/2025\/04\/cropped-Logo-site-Internet.jpg\",\"width\":1023,\"height\":829,\"caption\":\"L&#039;atelier de karina\"},\"image\":{\"@id\":\"https:\/\/latelierdekarina.fr\/#\/schema\/logo\/image\/\"}}]}<\/script>\n<!-- \/ Yoast SEO plugin. -->","yoast_head_json":{"title":"Rdv Boutique Maison - L&#039;atelier de karina","robots":{"index":"index","follow":"follow","max-snippet":"max-snippet:-1","max-image-preview":"max-image-preview:large","max-video-preview":"max-video-preview:-1"},"canonical":"https:\/\/latelierdekarina.fr\/index.php\/rdv-boutique-maison\/","og_locale":"en_US","og_type":"article","og_title":"Rdv Boutique Maison - L&#039;atelier de karina","og_description":"Bienvenue \u00e0 l\u2019Atelier de Karina, nich\u00e9 au c\u0153ur des Hautes-Pyr\u00e9n\u00e9es.Ici, entre montagnes sauvages et inspirations nordiques, chaque cr\u00e9ation prend vie sous mes mains, au rythme lent et apaisant du feutrage artisanal. Ma boutique \u00e0 la maison est une invitation \u00e0 pousser la porte d\u2019un univers doux et authentique.Entour\u00e9e de laine naturelle, de mati\u00e8res brutes et [&hellip;]","og_url":"https:\/\/latelierdekarina.fr\/index.php\/rdv-boutique-maison\/","og_site_name":"L&#039;atelier de karina","article_modified_time":"2025-05-13T09:23:08+00:00","og_image":[{"url":"http:\/\/latelierdekarina.fr\/wp-content\/uploads\/2025\/04\/IMG_1474-1024x234.jpg","type":"","width":"","height":""}],"twitter_card":"summary_large_image","twitter_misc":{"Est. reading time":"1 minute"},"schema":{"@context":"https:\/\/schema.org","@graph":[{"@type":"WebPage","@id":"https:\/\/latelierdekarina.fr\/index.php\/rdv-boutique-maison\/","url":"https:\/\/latelierdekarina.fr\/index.php\/rdv-boutique-maison\/","name":"Rdv Boutique Maison - L&#039;atelier de karina","isPartOf":{"@id":"https:\/\/latelierdekarina.fr\/#website"},"primaryImageOfPage":{"@id":"https:\/\/latelierdekarina.fr\/index.php\/rdv-boutique-maison\/#primaryimage"},"image":{"@id":"https:\/\/latelierdekarina.fr\/index.php\/rdv-boutique-maison\/#primaryimage"},"thumbnailUrl":"http:\/\/latelierdekarina.fr\/wp-content\/uploads\/2025\/04\/IMG_1474-1024x234.jpg","datePublished":"2025-04-22T11:54:46+00:00","dateModified":"2025-05-13T09:23:08+00:00","breadcrumb":{"@id":"https:\/\/latelierdekarina.fr\/index.php\/rdv-boutique-maison\/#breadcrumb"},"inLanguage":"en-US","potentialAction":[{"@type":"ReadAction","target":["https:\/\/latelierdekarina.fr\/index.php\/rdv-boutique-maison\/"]}]},{"@type":"ImageObject","inLanguage":"en-US","@id":"https:\/\/latelierdekarina.fr\/index.php\/rdv-boutique-maison\/#primaryimage","url":"https:\/\/latelierdekarina.fr\/wp-content\/uploads\/2025\/04\/IMG_1474-scaled.jpg","contentUrl":"https:\/\/latelierdekarina.fr\/wp-content\/uploads\/2025\/04\/IMG_1474-scaled.jpg","width":2560,"height":585},{"@type":"BreadcrumbList","@id":"https:\/\/latelierdekarina.fr\/index.php\/rdv-boutique-maison\/#breadcrumb","itemListElement":[{"@type":"ListItem","position":1,"name":"Accueil","item":"https:\/\/latelierdekarina.fr\/"},{"@type":"ListItem","position":2,"name":"Rdv Boutique Maison"}]},{"@type":"WebSite","@id":"https:\/\/latelierdekarina.fr\/#website","url":"https:\/\/latelierdekarina.fr\/","name":"L&#039;atelier de karina","description":"Un site utilisant WordPress","publisher":{"@id":"https:\/\/latelierdekarina.fr\/#organization"},"potentialAction":[{"@type":"SearchAction","target":{"@type":"EntryPoint","urlTemplate":"https:\/\/latelierdekarina.fr\/?s={search_term_string}"},"query-input":{"@type":"PropertyValueSpecification","valueRequired":true,"valueName":"search_term_string"}}],"inLanguage":"en-US"},{"@type":"Organization","@id":"https:\/\/latelierdekarina.fr\/#organization","name":"L&#039;atelier de karina","url":"https:\/\/latelierdekarina.fr\/","logo":{"@type":"ImageObject","inLanguage":"en-US","@id":"https:\/\/latelierdekarina.fr\/#\/schema\/logo\/image\/","url":"https:\/\/latelierdekarina.fr\/wp-content\/uploads\/2025\/04\/cropped-Logo-site-Internet.jpg","contentUrl":"https:\/\/latelierdekarina.fr\/wp-content\/uploads\/2025\/04\/cropped-Logo-site-Internet.jpg","width":1023,"height":829,"caption":"L&#039;atelier de karina"},"image":{"@id":"https:\/\/latelierdekarina.fr\/#\/schema\/logo\/image\/"}}]}},"_links":{"self":[{"href":"https:\/\/latelierdekarina.fr\/index.php\/wp-json\/wp\/v2\/pages\/34","targetHints":{"allow":["GET"]}}],"collection":[{"href":"https:\/\/latelierdekarina.fr\/index.php\/wp-json\/wp\/v2\/pages"}],"about":[{"href":"https:\/\/latelierdekarina.fr\/index.php\/wp-json\/wp\/v2\/types\/page"}],"author":[{"embeddable":true,"href":"https:\/\/latelierdekarina.fr\/index.php\/wp-json\/wp\/v2\/users\/1"}],"replies":[{"embeddable":true,"href":"https:\/\/latelierdekarina.fr\/index.php\/wp-json\/wp\/v2\/comments?post=34"}],"version-history":[{"count":40,"href":"https:\/\/latelierdekarina.fr\/index.php\/wp-json\/wp\/v2\/pages\/34\/revisions"}],"predecessor-version":[{"id":725,"href":"https:\/\/latelierdekarina.fr\/index.php\/wp-json\/wp\/v2\/pages\/34\/revisions\/725"}],"wp:attachment":[{"href":"https:\/\/latelierdekarina.fr\/index.php\/wp-json\/wp\/v2\/media?parent=34"}],"curies":[{"name":"wp","href":"https:\/\/api.w.org\/{rel}","templated":true}]}}