{"id":1056,"date":"2025-05-20T16:32:00","date_gmt":"2025-05-20T14:32:00","guid":{"rendered":"https:\/\/latelierdekarina.fr\/?post_type=product&#038;p=1056"},"modified":"2025-09-16T09:10:55","modified_gmt":"2025-09-16T07:10:55","slug":"marmitte-norvegienne","status":"publish","type":"product","link":"https:\/\/latelierdekarina.fr\/index.php\/produit\/marmitte-norvegienne\/","title":{"rendered":"Marmitte Norv\u00e9gienne"},"content":{"rendered":"<h3 class=\"\" data-start=\"1669\" data-end=\"1697\">MARMITE NORV\u00c9GIENNE<\/h3>\n<p class=\"\" data-start=\"1698\" data-end=\"1925\"><strong data-start=\"1698\" data-end=\"1733\">La cuisson douce venue du Nord.<\/strong><br data-start=\"1733\" data-end=\"1736\" \/>Ce cocon isolant permet de continuer la cuisson sans feu. \u00c9cologique et ing\u00e9nieuse, la marmite norv\u00e9gienne enveloppe vos plats pour leur laisser le temps de mijoter lentement, \u00e0 l\u2019ancienne.<\/p>\n<p>Une <strong>marmite norv\u00e9gienne<\/strong> est un mode de cuisson <strong>\u00e9conome en \u00e9nergie<\/strong> qui repose sur un principe simple : <strong>l\u2019isolation thermique<\/strong>.<\/p>\n<p>Voici comment elle fonctionne :<\/p>\n<ol>\n<li><strong> Cuisson initiale<\/strong><\/li>\n<\/ol>\n<p>Tu commences par porter ton plat \u00e0 \u00e9bullition (ou \u00e0 forte temp\u00e9rature) sur une source de chaleur classique (gaz, plaque, feu de bois, etc.). Cela prend g\u00e9n\u00e9ralement 10 \u00e0 15 minutes selon le plat.<\/p>\n<ol start=\"2\">\n<li><strong> Transfert dans la marmite norv\u00e9gienne<\/strong><\/li>\n<\/ol>\n<p>Une fois le plat bien chaud, tu <strong>retire la casserole du feu<\/strong> et tu la places <strong>dans un contenant isol\u00e9<\/strong> : c\u2019est la marmite norv\u00e9gienne. Elle est souvent constitu\u00e9e de coussins \u00e9pais en laine,<\/p>\n<p>Ce cocon thermique <strong>garde la chaleur \u00e0 l\u2019int\u00e9rieur<\/strong>, permettant \u00e0 la cuisson de continuer lentement, sans consommer d\u2019\u00e9nergie suppl\u00e9mentaire.<\/p>\n<ol start=\"3\">\n<li><strong> Cuisson douce et prolong\u00e9e<\/strong><\/li>\n<\/ol>\n<p>Le plat continue de cuire tout seul gr\u00e2ce \u00e0 la chaleur qu\u2019il a accumul\u00e9e. C\u2019est id\u00e9al pour les plats mijot\u00e9s, les c\u00e9r\u00e9ales, les soupes, les l\u00e9gumineuses\u2026<\/p>\n<p>Par exemple :<\/p>\n<ul>\n<li>Un <strong>riz<\/strong> sera pr\u00eat en 30-40 minutes sans risque qu\u2019il colle.<\/li>\n<li>Un <strong>rago\u00fbt<\/strong> ou une <strong>soupe<\/strong> peut cuire pendant 1 \u00e0 3 heures.<\/li>\n<\/ul>\n<ol start=\"4\">\n<li><strong> R\u00e9sultat : cuisson parfaite &amp; \u00e9co-responsable<\/strong><\/li>\n<\/ol>\n<ul>\n<li>Pas besoin de surveiller : \u00e7a ne br\u00fble pas.<\/li>\n<li>La chaleur est conserv\u00e9e : c\u2019est \u00e9conomique.<\/li>\n<li>C\u2019est aussi tr\u00e8s pratique pour transporter des plats chauds (pique-nique, f\u00eates, etc.)<\/li>\n<\/ul>\n<hr class=\"\" data-start=\"1927\" data-end=\"1930\" \/>\n","protected":false},"excerpt":{"rendered":"<p>coussin a cuisson rembourr\u00e9e avec la laine pyr\u00e9n\u00e9enne enveloppe en coton<\/p>\n<div class='heateor_sss_sharing_container heateor_sss_vertical_sharing heateor_sss_bottom_sharing' style='width:44px;right: -10px;top: 100px;-webkit-box-shadow:none;box-shadow:none;' data-heateor-sss-href='https:\/\/latelierdekarina.fr\/index.php\/wp-json\/wp\/v2\/product\/1056'><div class=\"heateor_sss_sharing_ul\"><a aria-label=\"Instagram\" class=\"heateor_sss_button_instagram\" href=\"https:\/\/www.instagram.com\/latelier_de_karina\" title=\"Instagram\" rel=\"nofollow noopener\" target=\"_blank\" style=\"font-size:32px!important;box-shadow:none;display:inline-block;vertical-align:middle\"><span class=\"heateor_sss_svg\" style=\"background-color:#53beee;width:40px;height:40px;border-radius:999px;display:inline-block;opacity:1;float:left;font-size:32px;box-shadow:none;display:inline-block;font-size:16px;padding:0 4px;vertical-align:middle;background-repeat:repeat;overflow:hidden;padding:0;cursor:pointer;box-sizing:content-box\"><svg style=\"display:block;border-radius:999px;\" version=\"1.1\" viewBox=\"-10 -10 148 148\" width=\"100%\" height=\"100%\" xml:space=\"preserve\" xmlns=\"http:\/\/www.w3.org\/2000\/svg\" xmlns:xlink=\"http:\/\/www.w3.org\/1999\/xlink\"><g><g><path d=\"M86,112H42c-14.336,0-26-11.663-26-26V42c0-14.337,11.664-26,26-26h44c14.337,0,26,11.663,26,26v44 C112,100.337,100.337,112,86,112z M42,24c-9.925,0-18,8.074-18,18v44c0,9.925,8.075,18,18,18h44c9.926,0,18-8.075,18-18V42 c0-9.926-8.074-18-18-18H42z\" fill=\"#fff\"><\/path><\/g><g><path d=\"M64,88c-13.234,0-24-10.767-24-24c0-13.234,10.766-24,24-24s24,10.766,24,24C88,77.233,77.234,88,64,88z M64,48c-8.822,0-16,7.178-16,16s7.178,16,16,16c8.822,0,16-7.178,16-16S72.822,48,64,48z\" fill=\"#fff\"><\/path><\/g><g><circle cx=\"89.5\" cy=\"38.5\" fill=\"#fff\" r=\"5.5\"><\/circle><\/g><\/g><\/svg><\/span><\/a><\/div><div class=\"heateorSssClear\"><\/div><\/div>","protected":false},"featured_media":903,"comment_status":"open","ping_status":"closed","template":"","meta":[],"product_brand":[],"product_cat":[24,16],"product_tag":[],"class_list":{"0":"post-1056","1":"product","2":"type-product","3":"status-publish","4":"has-post-thumbnail","6":"product_cat-cuisson-lente-et-economique-laine-tissus","7":"product_cat-lumiere-hygge-ambiance","9":"entry","10":"has-media","12":"first","13":"instock","14":"shipping-taxable","15":"purchasable","16":"product-type-simple","17":"has-product-nav","18":"col","19":"span_1_of_3","20":"owp-content-center","21":"owp-thumbs-layout-horizontal","22":"owp-btn-normal","23":"owp-tabs-layout-horizontal"},"yoast_head":"<!-- This site is optimized with the Yoast SEO plugin v27.2 - https:\/\/yoast.com\/product\/yoast-seo-wordpress\/ -->\n<title>Marmitte Norv\u00e9gienne - L&#039;atelier de karina<\/title>\n<meta name=\"robots\" content=\"index, follow, max-snippet:-1, max-image-preview:large, max-video-preview:-1\" \/>\n<link rel=\"canonical\" href=\"https:\/\/latelierdekarina.fr\/index.php\/produit\/marmitte-norvegienne\/\" \/>\n<meta property=\"og:locale\" content=\"en_US\" \/>\n<meta property=\"og:type\" content=\"article\" \/>\n<meta property=\"og:title\" content=\"Marmitte Norv\u00e9gienne - L&#039;atelier de karina\" \/>\n<meta property=\"og:description\" content=\"coussin a cuisson rembourr\u00e9e avec la laine pyr\u00e9n\u00e9enne enveloppe en coton\" \/>\n<meta property=\"og:url\" content=\"https:\/\/latelierdekarina.fr\/index.php\/produit\/marmitte-norvegienne\/\" \/>\n<meta property=\"og:site_name\" content=\"L&#039;atelier de karina\" \/>\n<meta property=\"article:modified_time\" content=\"2025-09-16T07:10:55+00:00\" \/>\n<meta name=\"twitter:card\" content=\"summary_large_image\" \/>\n<meta name=\"twitter:label1\" content=\"Est. reading time\" \/>\n\t<meta name=\"twitter:data1\" content=\"2 minutes\" \/>\n<script type=\"application\/ld+json\" class=\"yoast-schema-graph\">{\"@context\":\"https:\/\/schema.org\",\"@graph\":[{\"@type\":\"WebPage\",\"@id\":\"https:\/\/latelierdekarina.fr\/index.php\/produit\/marmitte-norvegienne\/\",\"url\":\"https:\/\/latelierdekarina.fr\/index.php\/produit\/marmitte-norvegienne\/\",\"name\":\"Marmitte Norv\u00e9gienne - L&#039;atelier de karina\",\"isPartOf\":{\"@id\":\"https:\/\/latelierdekarina.fr\/#website\"},\"primaryImageOfPage\":{\"@id\":\"https:\/\/latelierdekarina.fr\/index.php\/produit\/marmitte-norvegienne\/#primaryimage\"},\"image\":{\"@id\":\"https:\/\/latelierdekarina.fr\/index.php\/produit\/marmitte-norvegienne\/#primaryimage\"},\"thumbnailUrl\":\"https:\/\/latelierdekarina.fr\/wp-content\/uploads\/2025\/05\/IMG_7464-1-scaled.jpg\",\"datePublished\":\"2025-05-20T14:32:00+00:00\",\"dateModified\":\"2025-09-16T07:10:55+00:00\",\"breadcrumb\":{\"@id\":\"https:\/\/latelierdekarina.fr\/index.php\/produit\/marmitte-norvegienne\/#breadcrumb\"},\"inLanguage\":\"en-US\",\"potentialAction\":[{\"@type\":\"ReadAction\",\"target\":[\"https:\/\/latelierdekarina.fr\/index.php\/produit\/marmitte-norvegienne\/\"]}]},{\"@type\":\"ImageObject\",\"inLanguage\":\"en-US\",\"@id\":\"https:\/\/latelierdekarina.fr\/index.php\/produit\/marmitte-norvegienne\/#primaryimage\",\"url\":\"https:\/\/latelierdekarina.fr\/wp-content\/uploads\/2025\/05\/IMG_7464-1-scaled.jpg\",\"contentUrl\":\"https:\/\/latelierdekarina.fr\/wp-content\/uploads\/2025\/05\/IMG_7464-1-scaled.jpg\",\"width\":1920,\"height\":2560},{\"@type\":\"BreadcrumbList\",\"@id\":\"https:\/\/latelierdekarina.fr\/index.php\/produit\/marmitte-norvegienne\/#breadcrumb\",\"itemListElement\":[{\"@type\":\"ListItem\",\"position\":1,\"name\":\"Accueil\",\"item\":\"https:\/\/latelierdekarina.fr\/\"},{\"@type\":\"ListItem\",\"position\":2,\"name\":\"Produits\",\"item\":\"https:\/\/latelierdekarina.fr\/index.php\/boutique\/\"},{\"@type\":\"ListItem\",\"position\":3,\"name\":\"Marmitte Norv\u00e9gienne\"}]},{\"@type\":\"WebSite\",\"@id\":\"https:\/\/latelierdekarina.fr\/#website\",\"url\":\"https:\/\/latelierdekarina.fr\/\",\"name\":\"L&#039;atelier de karina\",\"description\":\"Un site utilisant WordPress\",\"publisher\":{\"@id\":\"https:\/\/latelierdekarina.fr\/#organization\"},\"potentialAction\":[{\"@type\":\"SearchAction\",\"target\":{\"@type\":\"EntryPoint\",\"urlTemplate\":\"https:\/\/latelierdekarina.fr\/?s={search_term_string}\"},\"query-input\":{\"@type\":\"PropertyValueSpecification\",\"valueRequired\":true,\"valueName\":\"search_term_string\"}}],\"inLanguage\":\"en-US\"},{\"@type\":\"Organization\",\"@id\":\"https:\/\/latelierdekarina.fr\/#organization\",\"name\":\"L&#039;atelier de karina\",\"url\":\"https:\/\/latelierdekarina.fr\/\",\"logo\":{\"@type\":\"ImageObject\",\"inLanguage\":\"en-US\",\"@id\":\"https:\/\/latelierdekarina.fr\/#\/schema\/logo\/image\/\",\"url\":\"https:\/\/latelierdekarina.fr\/wp-content\/uploads\/2025\/04\/cropped-Logo-site-Internet.jpg\",\"contentUrl\":\"https:\/\/latelierdekarina.fr\/wp-content\/uploads\/2025\/04\/cropped-Logo-site-Internet.jpg\",\"width\":1023,\"height\":829,\"caption\":\"L&#039;atelier de karina\"},\"image\":{\"@id\":\"https:\/\/latelierdekarina.fr\/#\/schema\/logo\/image\/\"}}]}<\/script>\n<!-- \/ Yoast SEO plugin. -->","yoast_head_json":{"title":"Marmitte Norv\u00e9gienne - L&#039;atelier de karina","robots":{"index":"index","follow":"follow","max-snippet":"max-snippet:-1","max-image-preview":"max-image-preview:large","max-video-preview":"max-video-preview:-1"},"canonical":"https:\/\/latelierdekarina.fr\/index.php\/produit\/marmitte-norvegienne\/","og_locale":"en_US","og_type":"article","og_title":"Marmitte Norv\u00e9gienne - L&#039;atelier de karina","og_description":"coussin a cuisson rembourr\u00e9e avec la laine pyr\u00e9n\u00e9enne enveloppe en coton","og_url":"https:\/\/latelierdekarina.fr\/index.php\/produit\/marmitte-norvegienne\/","og_site_name":"L&#039;atelier de karina","article_modified_time":"2025-09-16T07:10:55+00:00","twitter_card":"summary_large_image","twitter_misc":{"Est. reading time":"2 minutes"},"schema":{"@context":"https:\/\/schema.org","@graph":[{"@type":"WebPage","@id":"https:\/\/latelierdekarina.fr\/index.php\/produit\/marmitte-norvegienne\/","url":"https:\/\/latelierdekarina.fr\/index.php\/produit\/marmitte-norvegienne\/","name":"Marmitte Norv\u00e9gienne - L&#039;atelier de karina","isPartOf":{"@id":"https:\/\/latelierdekarina.fr\/#website"},"primaryImageOfPage":{"@id":"https:\/\/latelierdekarina.fr\/index.php\/produit\/marmitte-norvegienne\/#primaryimage"},"image":{"@id":"https:\/\/latelierdekarina.fr\/index.php\/produit\/marmitte-norvegienne\/#primaryimage"},"thumbnailUrl":"https:\/\/latelierdekarina.fr\/wp-content\/uploads\/2025\/05\/IMG_7464-1-scaled.jpg","datePublished":"2025-05-20T14:32:00+00:00","dateModified":"2025-09-16T07:10:55+00:00","breadcrumb":{"@id":"https:\/\/latelierdekarina.fr\/index.php\/produit\/marmitte-norvegienne\/#breadcrumb"},"inLanguage":"en-US","potentialAction":[{"@type":"ReadAction","target":["https:\/\/latelierdekarina.fr\/index.php\/produit\/marmitte-norvegienne\/"]}]},{"@type":"ImageObject","inLanguage":"en-US","@id":"https:\/\/latelierdekarina.fr\/index.php\/produit\/marmitte-norvegienne\/#primaryimage","url":"https:\/\/latelierdekarina.fr\/wp-content\/uploads\/2025\/05\/IMG_7464-1-scaled.jpg","contentUrl":"https:\/\/latelierdekarina.fr\/wp-content\/uploads\/2025\/05\/IMG_7464-1-scaled.jpg","width":1920,"height":2560},{"@type":"BreadcrumbList","@id":"https:\/\/latelierdekarina.fr\/index.php\/produit\/marmitte-norvegienne\/#breadcrumb","itemListElement":[{"@type":"ListItem","position":1,"name":"Accueil","item":"https:\/\/latelierdekarina.fr\/"},{"@type":"ListItem","position":2,"name":"Produits","item":"https:\/\/latelierdekarina.fr\/index.php\/boutique\/"},{"@type":"ListItem","position":3,"name":"Marmitte Norv\u00e9gienne"}]},{"@type":"WebSite","@id":"https:\/\/latelierdekarina.fr\/#website","url":"https:\/\/latelierdekarina.fr\/","name":"L&#039;atelier de karina","description":"Un site utilisant WordPress","publisher":{"@id":"https:\/\/latelierdekarina.fr\/#organization"},"potentialAction":[{"@type":"SearchAction","target":{"@type":"EntryPoint","urlTemplate":"https:\/\/latelierdekarina.fr\/?s={search_term_string}"},"query-input":{"@type":"PropertyValueSpecification","valueRequired":true,"valueName":"search_term_string"}}],"inLanguage":"en-US"},{"@type":"Organization","@id":"https:\/\/latelierdekarina.fr\/#organization","name":"L&#039;atelier de karina","url":"https:\/\/latelierdekarina.fr\/","logo":{"@type":"ImageObject","inLanguage":"en-US","@id":"https:\/\/latelierdekarina.fr\/#\/schema\/logo\/image\/","url":"https:\/\/latelierdekarina.fr\/wp-content\/uploads\/2025\/04\/cropped-Logo-site-Internet.jpg","contentUrl":"https:\/\/latelierdekarina.fr\/wp-content\/uploads\/2025\/04\/cropped-Logo-site-Internet.jpg","width":1023,"height":829,"caption":"L&#039;atelier de karina"},"image":{"@id":"https:\/\/latelierdekarina.fr\/#\/schema\/logo\/image\/"}}]}},"_links":{"self":[{"href":"https:\/\/latelierdekarina.fr\/index.php\/wp-json\/wp\/v2\/product\/1056","targetHints":{"allow":["GET"]}}],"collection":[{"href":"https:\/\/latelierdekarina.fr\/index.php\/wp-json\/wp\/v2\/product"}],"about":[{"href":"https:\/\/latelierdekarina.fr\/index.php\/wp-json\/wp\/v2\/types\/product"}],"replies":[{"embeddable":true,"href":"https:\/\/latelierdekarina.fr\/index.php\/wp-json\/wp\/v2\/comments?post=1056"}],"wp:featuredmedia":[{"embeddable":true,"href":"https:\/\/latelierdekarina.fr\/index.php\/wp-json\/wp\/v2\/media\/903"}],"wp:attachment":[{"href":"https:\/\/latelierdekarina.fr\/index.php\/wp-json\/wp\/v2\/media?parent=1056"}],"wp:term":[{"taxonomy":"product_brand","embeddable":true,"href":"https:\/\/latelierdekarina.fr\/index.php\/wp-json\/wp\/v2\/product_brand?post=1056"},{"taxonomy":"product_cat","embeddable":true,"href":"https:\/\/latelierdekarina.fr\/index.php\/wp-json\/wp\/v2\/product_cat?post=1056"},{"taxonomy":"product_tag","embeddable":true,"href":"https:\/\/latelierdekarina.fr\/index.php\/wp-json\/wp\/v2\/product_tag?post=1056"}],"curies":[{"name":"wp","href":"https:\/\/api.w.org\/{rel}","templated":true}]}}